rs of x?
3
Let z be (-2 - -1)/((-1)/10). Suppose 12*b = 7*b + z. Suppose -b*g + 215 = -1. List the prime factors of g.
2, 3
Let f(d) = 1559*d**2 + 927*d + 1851. What are the prime factors of f(-2)?
23, 271
Suppose -18*y = -31*y + 28106. Let z = y - 1543. List the prime factors of z.
619
Let i be -4 + 162 - 15/3. Suppose 0 = 2*k - 5 - 3, -5*d + i = 2*k. List the prime factors of d.
29
Let l(f) = -39*f + 6. Let q(p) = -39*p + 5. Let j = 13 - 15. Let a(x) = j*l(x) + 3*q(x). What are the prime factors of a(-2)?
3
Suppose -b = a - 26068, 109*b = -5*a + 108*b + 130368. What are the prime factors of a?
5, 7, 149
Let m(s) = -303*s**3 - 6*s**2 - 368*s - 1876. What are the prime factors of m(-5)?
3, 17, 739
What are the prime factors of -14*(-39)/91 - -11168?
2, 37, 151
Suppose 0 = 181*z + 127*z - 15002762 + 2796414. What are the prime factors of z?
39631
Let i(k) = 2787*k**2 - 5*k - 10. What are the prime factors of i(-2)?
2, 3, 929
Let m = -101 - -104. Suppose -m*j + 7*j - 916 = -4*v, -3*v = -9. What are the prime factors of j?
2, 113
Let u(n) = -6*n + 146. Let k be u(23). Suppose -l - 4208 = -3*z, -13*l + k*l - 5629 = -4*z. List the prime factors of z.
3, 467
Let w be (40/6)/(-4)*-1002. Suppose 13*r = 18*r - w. List the prime factors of r.
2, 167
Let f(i) = -i**3 - 2*i + 1. Suppose -87*c + 83*c - 24 = 0. List the prime factors of f(c).
229
List the prime factors of ((-385386)/(-5))/3 - (-14)/(-10).
23, 1117
Suppose 2*c + 3*o + 1195 = 0, 5*c + 4*o + 3370 = 379. What are the prime factors of (-6)/(-3 + 9)*c?
599
Let m(i) = 27*i**3 + 8*i**2 - 36*i + 442. List the prime factors of m(10).
2, 3, 1549
Let l = 16000 + -7460. Suppose 13*f - 3927 = l. List the prime factors of f.
7, 137
Suppose -994073 = -27*m + 1394374. What are the prime factors of m?
3, 9829
Suppose -p + 2*o + 1120 - 165 = 0, -5*o + 983 = p. List the prime factors of p.
3, 107
Suppose -w = -3*d + 27, -3*d - 2*w = -1 - 17. Suppose 3*y - x - 21 = 0, 0 = -5*y - 0*y - 4*x + 52. Suppose -d*t - y*t = -2592. What are the prime factors of t?
2, 3
Let c(i) = -i**3 - 9*i**2 + 8*i + 2. Let s be c(-10). Let p be -49 - (-5 - (-4 - (-4 + 2))). Let t = s - p. What are the prime factors of t?
2, 17
Let h(c) = 277*c**3 - 3*c**2 + 9*c - 11. Let x be h(2). Suppose 0 = -5*o + x - 431. List the prime factors of o.
2, 89
Let z = -195 - -197. Suppose -4*d = d - z*v - 2509, 0 = 3*d - v - 1506. What are the prime factors of d?
503
Let i = 61 - 43. Suppose v + i - 5 = 4*k, -v - 5 = -2*k. Suppose -3*m + k*z + 0*z = -488, -4*m + 2*z = -634. List the prime factors of m.
2, 3, 13
List the prime factors of 34 + 17725 + (4 + -1)*1.
2, 83, 107
Let a(j) = j**2 + 5*j + 6. Let p be 0/10*1/2. Let x = p - -6. List the prime factors of a(x).
2, 3
Suppose 8 = 4*o, -l = -o - 2944 + 963. What are the prime factors of l?
3, 661
Suppose -2*g + 2 = -3*g. Suppose m + 2*w + 2*w + 252 = 0, 0 = 2*m + 2*w + 528. What are the prime factors of (m/(-8))/(g/(-4))?
67
Let t = 51 + -40. Let w(p) = -p**3 + 12*p**2 - 14*p + 18. Let q be w(t). Let a(f) = -2*f + 13. List the prime factors of a(q).
43
Let p(w) = w - 3. Suppose 0*m - 8*m = -48. Let z be p(m). Suppose 0 = t + 4*l - 9, -2*l = z*t + 3*l - 27. List the prime factors of t.
3
Let i be 110/20*(3 - 1). Suppose -3*q + i - 50 = 0. Let d = 87 - q. List the prime factors of d.
2, 5
Let s = 8 + 42. Let y = 110 - s. List the prime factors of (y/(-7))/(1/(-14)).
2, 3, 5
Let q = -96 - -99. Suppose -3*h + 264 = 3*o, q*h + 0*h - 265 = -4*o. List the prime factors of h.
3, 29
Suppose 0 = f - 0*f, -4*f - 695 = 5*k. Suppose -2*z - 2*z = -5*n - 91, 4*n - z + 75 = 0. Let g = n - k. What are the prime factors of g?
2, 3, 5
Let u(a) = -1103*a + 1. Suppose 373*t - 5 = 378*t. What are the prime factors of u(t)?
2, 3, 23
Suppose 2*n = 0, -9*t + 14*t + 2*n - 50 = 0. Suppose 3*f - 272 = i, t = 4*i - 6. What are the prime factors of f?
2, 23
Let d be ((-166)/3)/((-8)/(-12)). Let n = 162 - d. List the prime factors of n.
5, 7
Suppose 0 = 5*n - 5*o - 16155, -20*n + 5*o = -23*n + 9725. Let r = n + -2166. List the prime factors of r.
1069
Let l be 4/12*(2 + 1) + 20. Suppose 2*b - 2*u + 4*u = 22, l = 2*b + 3*u. List the prime factors of (352/(-6))/(-4)*126/b.
2, 7, 11
Let x(f) = -11*f - 94. Let r be x(-9). Suppose 1528 = t - 3*j, 0 = -2*t + r*j + 970 + 2082. What are the prime factors of t?
2, 379
Suppose -8*v + 5461 = 1477. Let g = v + 16. What are the prime factors of g?
2, 257
Suppose -2 = -3*n + 4*n + 3*i, -2*n + 14 = -3*i. Suppose -5*x + 2*s = s + 11, -n*s - 16 = 0. What are the prime factors of ((-48)/18)/((-2)/60) - x?
83
Let u(k) = -k + 13. Let l be u(-6). Let x = l - 17. Suppose x*w = v - 125, 15 + 0 = -5*w. List the prime factors of v.
7, 17
Let h(s) = 804*s + 100. List the prime factors of h(13).
2, 1319
Let s(q) = -2*q - 22. Let o be s(-15). Suppose 4 = 4*b - o. Suppose b*g + n = 5*g - 66, -g = n - 30. List the prime factors of g.
2
Let x(r) = r + 8. Let a be x(3). Suppose 4*s = 2*g - 20, 6*g = a*g + 3*s - 11. Suppose -438 = -3*b + g*c - c, 5*b - 685 = -4*c. What are the prime factors of b?
3, 47
Suppose 2*n + 5*j + 987 = 0, 3*n + 1488 = -2*j - 3*j. List the prime factors of (n/(-7))/(111/777).
3, 167
Let x(h) = 10*h**3 - 46*h**2 + 33*h + 5. What are the prime factors of x(8)?
3, 5, 163
Let r(v) = 1. Let y(o) = -9*o + 21. Suppose 0 = 4*i - 7 - 5. Let z(k) = i*r(k) - y(k). List the prime factors of z(9).
3, 7
Let y(v) = 12*v - 4. Let x be y(3). Suppose 810 = 4*s + 5*b, 2*s + 2*b = 7*b + 420. Let r = x + s. What are the prime factors of r?
3, 79
Suppose 0 = 2*x - 4*b - 36486, -x + 3*b + 10985 = -7261. Suppose 23923 + x = 34*m. List the prime factors of m.
2, 5, 31
Let v = 52544 + -34962. List the prime factors of v.
2, 59, 149
Suppose 46*l - 69523 = 210985. List the prime factors of l.
2, 3049
Suppose 4*i - 9448 = g, 11*g - 11823 = -5*i + 9*g. What are the prime factors of i?
17, 139
Let c = -4677 - -12917. List the prime factors of c.
2, 5, 103
Suppose 0 = -12*h + 22*h + 10440. Let j = h - -1851. What are the prime factors of j?
3, 269
Let o(s) = 252*s + 2013. List the prime factors of o(10).
3, 1511
Let b(q) = q**2 - 4*q - 237. What are the prime factors of b(55)?
2, 3, 107
Suppose 0 = 2*v + 65 - 197. Let m(r) = 2*r**2 - 7*r - 1. Let t be m(4). Suppose w + 83 = p + t*p, 0 = 3*p + 3*w - v. What are the prime factors of p?
3, 7
Suppose 0 = 3*m - 4*r + 18, 0 = 4*m - 0*m - 2*r + 34. Let y = m + 25. Suppose 0 = 24*h - y*h - 1305. What are the prime factors of h?
5, 29
Let g = -10170 + 24302. List the prime factors of g.
2, 3533
Suppose 4*k + 10*d - 26298 = 15*d, 2*k - 5*d - 13154 = 0. What are the prime factors of k?
2, 31, 53
Let d(l) = -92*l + 193. Let h(s) = -29*s + 64. Let y(x) = -6*d(x) + 19*h(x). What are the prime factors of y(-6)?
2, 13
Let l = 7069 - -15548. What are the prime factors of l?
3, 7, 359
Suppose 9*q + 8*q = 744 + 291316. What are the prime factors of q?
2, 5, 859
Let o(r) = 160*r**2 - 190*r - 18. What are the prime factors of o(-8)?
2, 3, 19, 103
Let l = -194 - 1828. Let t = -1036 - l. What are the prime factors of t?
2, 17, 29
Suppose 53 = 2*z - 69. Suppose -z*f = -65*f + 8. What are the prime factors of 2/3 - f/((-18)/57)?
7
Suppose 4*s + h + 5 = 8, 0 = 2*s + 3*h + 11. Suppose -k + 4*k - s*q - 1094 = 0, -3*q + 1436 = 4*k. What are the prime factors of k?
2, 181
What are the prime factors of (-15)/2*(-461099)/305*2?
3, 7559
Let m(q) = 11*q**3 + 9*q - 11. Let t be m(2). Suppose -t*s - 12060 = -107*s. List the prime factors of s.
3, 5, 67
Let q = -1200 - -1884. Let g = -347 + q. What are the prime factors of g?
337
Let p = -30978 - -40645. List the prime factors of p.
7, 1381
Let l = -417 + 421. Suppose 0 = -4*i - 2*p + 3974, -1162 = -3*i + l*p + 1835. List the prime factors of i.
5, 199
Suppose 5*b - 38 = -2*l, 84 - 10 = 2*l - 4*b. What are the prime factors of l?
29
Let s = 4990 - 1161. List the prime factors of s.
7, 547
Let v = 41512 + -22916. What are the prime factors of v?
2, 4649
Let v = 91 + 26. Suppose -2*m - 3*k = 18, -4*m + 5*k + 25 = -7*m. What are the prime factors of v/m*(-13 + 3)?
2, 3, 13
Suppose -5*n - 5*a = -10, 5 = 5*n + 2*a - 5. Suppose -n*s + 6682 = 5*x, 2*x - 105 - 2575 = s. What are the prime factors of x?
2, 3, 223
Let m = 108 + -108. What are the prime factors o